{"id":11723,"date":"2021-08-25T17:48:54","date_gmt":"2021-08-25T17:48:54","guid":{"rendered":"https:\/\/hyase.pl\/sklep\/?post_type=product&#038;p=11723"},"modified":"2025-12-09T16:57:35","modified_gmt":"2025-12-09T16:57:35","slug":"nigelle-krem-odmladzajacy","status":"publish","type":"product","link":"https:\/\/hyase.pl\/sklep\/produkt\/nigelle-krem-odmladzajacy\/","title":{"rendered":"Nigelle Krem odm\u0142adzaj\u0105cy"},"content":{"rendered":"<h1>Nigelle Krem odm\u0142adzaj\u0105cy<\/h1>\n<p>Wyj\u0105tkowy kosmetyk do codziennej piel\u0119gnacji sk\u00f3ry dojrza\u0142ej, ukierunkowany na intensywne uj\u0119drnianie i skuteczn\u0105 redukcj\u0119 zmarszczek, przebarwie\u0144 i niedoskona\u0142o\u015bci. Bogata formu\u0142a kremu, oparta na ekstrakcie z kawioru i oleju z czarnuszki, od\u017cywia, uelastycznia i nawil\u017ca sk\u00f3r\u0119, przywraca jej energi\u0119 i wspiera m\u0142ody, zdrowy wygl\u0105d twarzy. Chroni sk\u00f3r\u0119 przed szkodliwym wp\u0142ywem czynnik\u00f3w zewn\u0119trznych, natychmiastowo matuje cer\u0119, optycznie rozja\u015bnia, pozostawia j\u0105 aksamitnie mi\u0119kk\u0105 i wyg\u0142adzon\u0105. Stosowany pod makija\u017c przed\u0142u\u017ca jego trwa\u0142o\u015b\u0107 i \u015bwie\u017co\u015b\u0107.<\/p>\n<p>Krem odm\u0142adzaj\u0105cy przeznaczony jest do codziennej piel\u0119gnacji sk\u00f3ry:<\/p>\n<ul>\n<li>Dojrza\u0142ej, zm\u0119czonej, z widocznymi oznakami starzenia (zmarszczki, cienie, worki i obrz\u0119ki).<\/li>\n<li>Przesuszonej, matowej i pozbawionej blasku.<\/li>\n<\/ul>\n<p>Codziennie rano i wieczorem delikatnie wmasowa\u0107 w oczyszczon\u0105 sk\u00f3r\u0119 twarzy, szyi i dekoltu. Idealnie nadaje si\u0119 pod makija\u017c. Dla wzmocnienia efektu stosowa\u0107 tak\u017ce <a class=\"gold-link\" href=\"https:\/\/hyase.pl\/sklep\/produkt\/nigelle-serum-odmladzajace\/\"><b>SERUM ODM\u0141ADZAJ\u0104CE<\/b><\/a>.<\/p>\n<p><em>50 ml<\/em><\/p>\n<h3>Sk\u0142adniki aktywne:<\/h3>\n<ul>\n<li><b>Ekstrakt z kawioru<\/b> \u2013 nazywany \u201eczarnym z\u0142otem\u201d, jest kwintesencj\u0105 warto\u015bci od\u017cywczych, regeneruj\u0105cych i odm\u0142adzaj\u0105cych. Dobroczynne dzia\u0142anie kawioru wynika z wysokiej zawarto\u015bci mikroelement\u00f3w, witamin, nienasyconych kwas\u00f3w t\u0142uszczowych i aminokwas\u00f3w. Wyra\u017anie odm\u0142adza sk\u00f3r\u0119, regeneruje uszkodzon\u0105 barier\u0119 ochronn\u0105 nask\u00f3rka, przyspiesza odnow\u0119 kom\u00f3rek, uelastycznia i g\u0142\u0119boko nawil\u017ca.<\/li>\n<li><b>Olej z czarnuszki<\/b> \u2013 tzw. \u201ez\u0142oto faraon\u00f3w\u201d, jest silnym antyoksydantem, neutralizuje wolne rodniki i op\u00f3\u017ania procesy starzenia si\u0119 sk\u00f3ry. W widoczny spos\u00f3b sp\u0142yca zmarszczki, regeneruje i uelastycznia sk\u00f3r\u0119. Dzi\u0119ki w\u0142a\u015bciwo\u015bciom przeciwzapalnym, antybakteryjnym i antygrzybicznym oczyszcza pory, \u0142agodzi podra\u017cnienia i stany zapalne. Wykazuje niezwyk\u0142\u0105 skuteczno\u015b\u0107 w walce z tr\u0105dzikiem i innymi niedoskona\u0142o\u015bciami cery.<\/li>\n<li><b>Wielofunkcyjny tripeptyd<\/b> \u2013 stymuluje syntez\u0119 kolagenu, w wyniku czego wyra\u017anie redukuje zmarszczki powsta\u0142e na skutek starzenia i fotostarzenia si\u0119 sk\u00f3ry. Zmniejsza widoczno\u015b\u0107 por\u00f3w, rozja\u015bnia przebarwienia i przywraca regularn\u0105 pigmentacj\u0119 sk\u00f3ry poprzez inhibicj\u0119 enzymu odpowiedzialnego za melanogenez\u0119.<\/li>\n<li><b>Krzemionka<\/b> \u2013 reguluje wydzielanie sebum, wykazuje w\u0142a\u015bciwo\u015bci matuj\u0105ce i rozja\u015bniaj\u0105ce. Uj\u0119drnia sk\u00f3r\u0119, napina, stymuluje biosyntez\u0119 kolagenu. Wyg\u0142adza nier\u00f3wno\u015bci i drobne niedoskona\u0142o\u015bci sk\u00f3ry.<\/li>\n<li><b>Mleczan mirystylu<\/b> \u2013 chroni sk\u00f3r\u0119 przed utrat\u0105 wody i zapewnia aksamitn\u0105 mi\u0119kko\u015b\u0107.<\/li>\n<li><b>Kwas hialuronowy<\/b> \u2013 stymuluje produkcj\u0119 kolagenu i elastyny. Wyg\u0142adza zmarszczki, zapewnia sk\u00f3rze d\u0142ugotrwa\u0142e nawil\u017cenie oraz wyra\u017anie odczuwaln\u0105 g\u0142adko\u015b\u0107, spr\u0119\u017cysto\u015b\u0107 i elastyczno\u015b\u0107. Skutecznie regeneruje uszkodzone tkanki sk\u00f3ry i wspomaga produkcj\u0119 nowych kom\u00f3rek.<\/li>\n<li><b>Kolagen<\/b> \u2013 biologicznie aktywne bia\u0142ko wyst\u0119puj\u0105ce naturalnie w kom\u00f3rkach sk\u00f3ry, kt\u00f3rego produkcja z wiekiem maleje, co os\u0142abia struktur\u0119 kom\u00f3rek, powoduje pojawienie si\u0119 zmarszczek i utrat\u0119 j\u0119drno\u015bci. Dostarczenie sk\u00f3rze kolagenu hamuje procesy starzenia i przywraca jej m\u0142ody wygl\u0105d.<\/li>\n<\/ul>\n<h3>INCI:<\/h3>\n<p>Aqua, Dicaprylyl Carbonate, Cetearyl Alcohol, Cetearyl Olivate, Coco- Caprylate\/Caprate, Sorbitan Olivate, Glycerin, Methylheptyl Isostearate, Silica, Nigella Sativa (Black Cumin) Seed Oil, Myristyl Lactate, Cetyl Palmitate, Sorbitan Palmitate, Sorbitan Oleate, Myristoyl Tripeptide-31, Caviar Extract, Butylene Glycol, Panthenol, Collagen, Caprylyl Glycol, Elastin, Acacia Senegal Gum, Xanthan Gum, Leuconostoc\/Radish Root Ferment Filtrate, Triethyl Citrate, Glyceryl Caprylate, Benzoic Acid, Parfum, Phenoxyethanol, Lactic Acid, Triethanolamine<\/p>\n","protected":false},"excerpt":{"rendered":"<p>Wyj\u0105tkowy krem na dzie\u0144 i na noc, ukierunkowany na intensywne uj\u0119drnianie i skuteczn\u0105 redukcj\u0119 zmarszczek, przebarwie\u0144 i niedoskona\u0142o\u015bci. Bogata formu\u0142a kremu, oparta na ekstrakcie z kawioru i oleju z czarnuszki, od\u017cywia, uelastycznia i nawil\u017ca sk\u00f3r\u0119, przywraca jej energi\u0119 i wspiera m\u0142ody, zdrowy wygl\u0105d twarzy.<\/p>\n<p><em>50 ml<\/em><\/p>\n<p> <a class=\"more-link\" href=\"https:\/\/hyase.pl\/sklep\/produkt\/nigelle-krem-odmladzajacy\/\">Dowiedz si\u0119 wi\u0119cej<\/a><\/p>","protected":false},"featured_media":11893,"comment_status":"open","ping_status":"closed","template":"","meta":[],"product_brand":[],"product_cat":[54],"product_tag":[91,93,83,98,89,94,99],"class_list":{"0":"post-11723","1":"product","2":"type-product","3":"status-publish","4":"has-post-thumbnail","6":"product_cat-krem-do-twarzy","7":"product_tag-anti-aging","8":"product_tag-lifting","9":"product_tag-nawilzanie","10":"product_tag-odzywianie","11":"product_tag-redukcja-niedoskonalosci","12":"product_tag-nigelle","13":"product_tag-wygladzanie","15":"first","16":"instock","17":"taxable","18":"shipping-taxable","19":"purchasable","20":"product-type-simple"},"yoast_head":"<!-- This site is optimized with the Yoast SEO plugin v27.4 - https:\/\/yoast.com\/product\/yoast-seo-wordpress\/ -->\n<title>Nigelle Krem odm\u0142adzaj\u0105cy - Hyas&eacute;<\/title>\n<meta name=\"description\" content=\"Krem na dzie\u0144 i na noc redukuje zmarszczki, przebarwienia i niedoskona\u0142o\u015bci. Od\u017cywia, uelastycznia i nawil\u017ca sk\u00f3r\u0119, uj\u0119drnia i chroni cer\u0119.\" \/>\n<meta name=\"robots\" content=\"index, follow, max-snippet:-1, max-image-preview:large, max-video-preview:-1\" \/>\n<link rel=\"canonical\" href=\"https:\/\/hyase.pl\/sklep\/produkt\/nigelle-krem-odmladzajacy\/\" \/>\n<meta property=\"og:locale\" content=\"pl_PL\" \/>\n<meta property=\"og:type\" content=\"article\" \/>\n<meta property=\"og:title\" content=\"Nigelle Krem odm\u0142adzaj\u0105cy - Hyas&eacute;\" \/>\n<meta property=\"og:description\" content=\"Krem na dzie\u0144 i na noc redukuje zmarszczki, przebarwienia i niedoskona\u0142o\u015bci. Od\u017cywia, uelastycznia i nawil\u017ca sk\u00f3r\u0119, uj\u0119drnia i chroni cer\u0119.\" \/>\n<meta property=\"og:url\" content=\"https:\/\/hyase.pl\/sklep\/produkt\/nigelle-krem-odmladzajacy\/\" \/>\n<meta property=\"og:site_name\" content=\"Hyas&eacute;\" \/>\n<meta property=\"article:publisher\" content=\"https:\/\/www.facebook.com\/hyasepl\/\" \/>\n<meta property=\"article:modified_time\" content=\"2025-12-09T16:57:35+00:00\" \/>\n<meta property=\"og:image\" content=\"https:\/\/hyase.pl\/sklep\/wp-content\/uploads\/2021\/08\/kremOdmladzajacy-1.jpg\" \/>\n\t<meta property=\"og:image:width\" content=\"2000\" \/>\n\t<meta property=\"og:image:height\" content=\"2000\" \/>\n\t<meta property=\"og:image:type\" content=\"image\/jpeg\" \/>\n<meta name=\"twitter:card\" content=\"summary_large_image\" \/>\n<meta name=\"twitter:label1\" content=\"Szacowany czas czytania\" \/>\n\t<meta name=\"twitter:data1\" content=\"3 minuty\" \/>\n<script type=\"application\/ld+json\" class=\"yoast-schema-graph\">{\"@context\":\"https:\\\/\\\/schema.org\",\"@graph\":[{\"@type\":\"WebPage\",\"@id\":\"https:\\\/\\\/hyase.pl\\\/sklep\\\/produkt\\\/nigelle-krem-odmladzajacy\\\/\",\"url\":\"https:\\\/\\\/hyase.pl\\\/sklep\\\/produkt\\\/nigelle-krem-odmladzajacy\\\/\",\"name\":\"Nigelle Krem odm\u0142adzaj\u0105cy - Hyas&eacute;\",\"isPartOf\":{\"@id\":\"https:\\\/\\\/hyase.pl\\\/sklep\\\/#website\"},\"primaryImageOfPage\":{\"@id\":\"https:\\\/\\\/hyase.pl\\\/sklep\\\/produkt\\\/nigelle-krem-odmladzajacy\\\/#primaryimage\"},\"image\":{\"@id\":\"https:\\\/\\\/hyase.pl\\\/sklep\\\/produkt\\\/nigelle-krem-odmladzajacy\\\/#primaryimage\"},\"thumbnailUrl\":\"https:\\\/\\\/hyase.pl\\\/sklep\\\/wp-content\\\/uploads\\\/2021\\\/08\\\/kremOdmladzajacy-1.jpg\",\"datePublished\":\"2021-08-25T17:48:54+00:00\",\"dateModified\":\"2025-12-09T16:57:35+00:00\",\"description\":\"Krem na dzie\u0144 i na noc redukuje zmarszczki, przebarwienia i niedoskona\u0142o\u015bci. Od\u017cywia, uelastycznia i nawil\u017ca sk\u00f3r\u0119, uj\u0119drnia i chroni cer\u0119.\",\"breadcrumb\":{\"@id\":\"https:\\\/\\\/hyase.pl\\\/sklep\\\/produkt\\\/nigelle-krem-odmladzajacy\\\/#breadcrumb\"},\"inLanguage\":\"pl-PL\",\"potentialAction\":[{\"@type\":\"ReadAction\",\"target\":[\"https:\\\/\\\/hyase.pl\\\/sklep\\\/produkt\\\/nigelle-krem-odmladzajacy\\\/\"]}]},{\"@type\":\"ImageObject\",\"inLanguage\":\"pl-PL\",\"@id\":\"https:\\\/\\\/hyase.pl\\\/sklep\\\/produkt\\\/nigelle-krem-odmladzajacy\\\/#primaryimage\",\"url\":\"https:\\\/\\\/hyase.pl\\\/sklep\\\/wp-content\\\/uploads\\\/2021\\\/08\\\/kremOdmladzajacy-1.jpg\",\"contentUrl\":\"https:\\\/\\\/hyase.pl\\\/sklep\\\/wp-content\\\/uploads\\\/2021\\\/08\\\/kremOdmladzajacy-1.jpg\",\"width\":2000,\"height\":2000,\"caption\":\"Hyase\u0301 Nigelle Krem odm\u0142adzaj\u0105cy\"},{\"@type\":\"BreadcrumbList\",\"@id\":\"https:\\\/\\\/hyase.pl\\\/sklep\\\/produkt\\\/nigelle-krem-odmladzajacy\\\/#breadcrumb\",\"itemListElement\":[{\"@type\":\"ListItem\",\"position\":1,\"name\":\"Strona g\u0142\u00f3wna\",\"item\":\"https:\\\/\\\/hyase.pl\\\/sklep\\\/\"},{\"@type\":\"ListItem\",\"position\":2,\"name\":\"Zakupy\",\"item\":\"https:\\\/\\\/hyase.pl\\\/sklep\\\/zakupy\\\/\"},{\"@type\":\"ListItem\",\"position\":3,\"name\":\"Nigelle Krem odm\u0142adzaj\u0105cy\"}]},{\"@type\":\"WebSite\",\"@id\":\"https:\\\/\\\/hyase.pl\\\/sklep\\\/#website\",\"url\":\"https:\\\/\\\/hyase.pl\\\/sklep\\\/\",\"name\":\"Hyas&eacute;\",\"description\":\"Odkryj naturalne pi\u0119kno swojej sk&oacute;ry\",\"publisher\":{\"@id\":\"https:\\\/\\\/hyase.pl\\\/sklep\\\/#organization\"},\"potentialAction\":[{\"@type\":\"SearchAction\",\"target\":{\"@type\":\"EntryPoint\",\"urlTemplate\":\"https:\\\/\\\/hyase.pl\\\/sklep\\\/?s={search_term_string}\"},\"query-input\":{\"@type\":\"PropertyValueSpecification\",\"valueRequired\":true,\"valueName\":\"search_term_string\"}}],\"inLanguage\":\"pl-PL\"},{\"@type\":\"Organization\",\"@id\":\"https:\\\/\\\/hyase.pl\\\/sklep\\\/#organization\",\"name\":\"Hyas\u00e9\",\"url\":\"https:\\\/\\\/hyase.pl\\\/sklep\\\/\",\"logo\":{\"@type\":\"ImageObject\",\"inLanguage\":\"pl-PL\",\"@id\":\"https:\\\/\\\/hyase.pl\\\/sklep\\\/#\\\/schema\\\/logo\\\/image\\\/\",\"url\":\"https:\\\/\\\/hyase.pl\\\/sklep\\\/wp-content\\\/uploads\\\/2021\\\/11\\\/cropped-hyase_shop.png\",\"contentUrl\":\"https:\\\/\\\/hyase.pl\\\/sklep\\\/wp-content\\\/uploads\\\/2021\\\/11\\\/cropped-hyase_shop.png\",\"width\":400,\"height\":208,\"caption\":\"Hyas\u00e9\"},\"image\":{\"@id\":\"https:\\\/\\\/hyase.pl\\\/sklep\\\/#\\\/schema\\\/logo\\\/image\\\/\"},\"sameAs\":[\"https:\\\/\\\/www.facebook.com\\\/hyasepl\\\/\",\"https:\\\/\\\/www.instagram.com\\\/kosmetykihyase\\\/\"]}]}<\/script>\n<!-- \/ Yoast SEO plugin. -->","yoast_head_json":{"title":"Nigelle Krem odm\u0142adzaj\u0105cy - Hyas&eacute;","description":"Krem na dzie\u0144 i na noc redukuje zmarszczki, przebarwienia i niedoskona\u0142o\u015bci. Od\u017cywia, uelastycznia i nawil\u017ca sk\u00f3r\u0119, uj\u0119drnia i chroni cer\u0119.","robots":{"index":"index","follow":"follow","max-snippet":"max-snippet:-1","max-image-preview":"max-image-preview:large","max-video-preview":"max-video-preview:-1"},"canonical":"https:\/\/hyase.pl\/sklep\/produkt\/nigelle-krem-odmladzajacy\/","og_locale":"pl_PL","og_type":"article","og_title":"Nigelle Krem odm\u0142adzaj\u0105cy - Hyas&eacute;","og_description":"Krem na dzie\u0144 i na noc redukuje zmarszczki, przebarwienia i niedoskona\u0142o\u015bci. Od\u017cywia, uelastycznia i nawil\u017ca sk\u00f3r\u0119, uj\u0119drnia i chroni cer\u0119.","og_url":"https:\/\/hyase.pl\/sklep\/produkt\/nigelle-krem-odmladzajacy\/","og_site_name":"Hyas&eacute;","article_publisher":"https:\/\/www.facebook.com\/hyasepl\/","article_modified_time":"2025-12-09T16:57:35+00:00","og_image":[{"width":2000,"height":2000,"url":"https:\/\/hyase.pl\/sklep\/wp-content\/uploads\/2021\/08\/kremOdmladzajacy-1.jpg","type":"image\/jpeg"}],"twitter_card":"summary_large_image","twitter_misc":{"Szacowany czas czytania":"3 minuty"},"schema":{"@context":"https:\/\/schema.org","@graph":[{"@type":"WebPage","@id":"https:\/\/hyase.pl\/sklep\/produkt\/nigelle-krem-odmladzajacy\/","url":"https:\/\/hyase.pl\/sklep\/produkt\/nigelle-krem-odmladzajacy\/","name":"Nigelle Krem odm\u0142adzaj\u0105cy - Hyas&eacute;","isPartOf":{"@id":"https:\/\/hyase.pl\/sklep\/#website"},"primaryImageOfPage":{"@id":"https:\/\/hyase.pl\/sklep\/produkt\/nigelle-krem-odmladzajacy\/#primaryimage"},"image":{"@id":"https:\/\/hyase.pl\/sklep\/produkt\/nigelle-krem-odmladzajacy\/#primaryimage"},"thumbnailUrl":"https:\/\/hyase.pl\/sklep\/wp-content\/uploads\/2021\/08\/kremOdmladzajacy-1.jpg","datePublished":"2021-08-25T17:48:54+00:00","dateModified":"2025-12-09T16:57:35+00:00","description":"Krem na dzie\u0144 i na noc redukuje zmarszczki, przebarwienia i niedoskona\u0142o\u015bci. Od\u017cywia, uelastycznia i nawil\u017ca sk\u00f3r\u0119, uj\u0119drnia i chroni cer\u0119.","breadcrumb":{"@id":"https:\/\/hyase.pl\/sklep\/produkt\/nigelle-krem-odmladzajacy\/#breadcrumb"},"inLanguage":"pl-PL","potentialAction":[{"@type":"ReadAction","target":["https:\/\/hyase.pl\/sklep\/produkt\/nigelle-krem-odmladzajacy\/"]}]},{"@type":"ImageObject","inLanguage":"pl-PL","@id":"https:\/\/hyase.pl\/sklep\/produkt\/nigelle-krem-odmladzajacy\/#primaryimage","url":"https:\/\/hyase.pl\/sklep\/wp-content\/uploads\/2021\/08\/kremOdmladzajacy-1.jpg","contentUrl":"https:\/\/hyase.pl\/sklep\/wp-content\/uploads\/2021\/08\/kremOdmladzajacy-1.jpg","width":2000,"height":2000,"caption":"Hyase\u0301 Nigelle Krem odm\u0142adzaj\u0105cy"},{"@type":"BreadcrumbList","@id":"https:\/\/hyase.pl\/sklep\/produkt\/nigelle-krem-odmladzajacy\/#breadcrumb","itemListElement":[{"@type":"ListItem","position":1,"name":"Strona g\u0142\u00f3wna","item":"https:\/\/hyase.pl\/sklep\/"},{"@type":"ListItem","position":2,"name":"Zakupy","item":"https:\/\/hyase.pl\/sklep\/zakupy\/"},{"@type":"ListItem","position":3,"name":"Nigelle Krem odm\u0142adzaj\u0105cy"}]},{"@type":"WebSite","@id":"https:\/\/hyase.pl\/sklep\/#website","url":"https:\/\/hyase.pl\/sklep\/","name":"Hyas&eacute;","description":"Odkryj naturalne pi\u0119kno swojej sk&oacute;ry","publisher":{"@id":"https:\/\/hyase.pl\/sklep\/#organization"},"potentialAction":[{"@type":"SearchAction","target":{"@type":"EntryPoint","urlTemplate":"https:\/\/hyase.pl\/sklep\/?s={search_term_string}"},"query-input":{"@type":"PropertyValueSpecification","valueRequired":true,"valueName":"search_term_string"}}],"inLanguage":"pl-PL"},{"@type":"Organization","@id":"https:\/\/hyase.pl\/sklep\/#organization","name":"Hyas\u00e9","url":"https:\/\/hyase.pl\/sklep\/","logo":{"@type":"ImageObject","inLanguage":"pl-PL","@id":"https:\/\/hyase.pl\/sklep\/#\/schema\/logo\/image\/","url":"https:\/\/hyase.pl\/sklep\/wp-content\/uploads\/2021\/11\/cropped-hyase_shop.png","contentUrl":"https:\/\/hyase.pl\/sklep\/wp-content\/uploads\/2021\/11\/cropped-hyase_shop.png","width":400,"height":208,"caption":"Hyas\u00e9"},"image":{"@id":"https:\/\/hyase.pl\/sklep\/#\/schema\/logo\/image\/"},"sameAs":["https:\/\/www.facebook.com\/hyasepl\/","https:\/\/www.instagram.com\/kosmetykihyase\/"]}]}},"_links":{"self":[{"href":"https:\/\/hyase.pl\/sklep\/wp-json\/wp\/v2\/product\/11723","targetHints":{"allow":["GET"]}}],"collection":[{"href":"https:\/\/hyase.pl\/sklep\/wp-json\/wp\/v2\/product"}],"about":[{"href":"https:\/\/hyase.pl\/sklep\/wp-json\/wp\/v2\/types\/product"}],"replies":[{"embeddable":true,"href":"https:\/\/hyase.pl\/sklep\/wp-json\/wp\/v2\/comments?post=11723"}],"wp:featuredmedia":[{"embeddable":true,"href":"https:\/\/hyase.pl\/sklep\/wp-json\/wp\/v2\/media\/11893"}],"wp:attachment":[{"href":"https:\/\/hyase.pl\/sklep\/wp-json\/wp\/v2\/media?parent=11723"}],"wp:term":[{"taxonomy":"product_brand","embeddable":true,"href":"https:\/\/hyase.pl\/sklep\/wp-json\/wp\/v2\/product_brand?post=11723"},{"taxonomy":"product_cat","embeddable":true,"href":"https:\/\/hyase.pl\/sklep\/wp-json\/wp\/v2\/product_cat?post=11723"},{"taxonomy":"product_tag","embeddable":true,"href":"https:\/\/hyase.pl\/sklep\/wp-json\/wp\/v2\/product_tag?post=11723"}],"curies":[{"name":"wp","href":"https:\/\/api.w.org\/{rel}","templated":true}]}}