{"id":11781,"date":"2021-08-25T22:59:02","date_gmt":"2021-08-25T22:59:02","guid":{"rendered":"https:\/\/hyase.pl\/sklep\/?post_type=product&#038;p=11781"},"modified":"2025-08-11T21:33:38","modified_gmt":"2025-08-11T21:33:38","slug":"vitaclinic-serum-z-witamina-c-2","status":"publish","type":"product","link":"https:\/\/hyase.pl\/sklep\/produkt\/vitaclinic-serum-z-witamina-c-2\/","title":{"rendered":"VitaClinic Serum z witamin\u0105 C"},"content":{"rendered":"<p>Wielozadaniowe serum z wysok\u0105 koncentracj\u0105 witaminy C (2400 mg) oraz kompleksem starannie wyselekcjonowanych substancji aktywnych gwarantuje skutecznie od\u017cywienie, roz\u015bwietlenie i wyg\u0142adzenie sk\u00f3ry. Zawarta w kosmetyku witamina C ma silne dzia\u0142anie antyoksydacyjne, dzi\u0119ki czemu spowalnia procesy starzenia si\u0119 sk\u00f3ry, niweluje zmarszczki i zapobiega powstawaniu nowych. Regularnie stosowane, rozja\u015bnia cer\u0119, wyr\u00f3wnuje jej koloryt i w widoczny spos\u00f3b redukuje przebarwienia. Jest wyj\u0105tkowo skuteczne w walce z niedoskona\u0142o\u015bciami sk\u00f3ry \u2013 zmniejsza \u0142ojotok, \u0142agodzi tr\u0105dzik i wspomaga regeneracj\u0119 nask\u00f3rka. Zapewnia sk\u00f3rze w\u0142a\u015bciwy poziom nawil\u017cenia, uelastycznia i przywraca m\u0142odzie\u0144czy wygl\u0105d. Doskonale sprawdza si\u0119 do cery zm\u0119czonej, poszarza\u0142ej, nosz\u0105cej oznaki stresu lub zm\u0119czenia.<\/p>\n<p>Serum z Witamin\u0105 C przeznaczone jest do nocnej piel\u0119gnacji sk\u00f3ry:<\/p>\n<ul>\n<li>Dojrza\u0142ej, zm\u0119czonej, pozbawionej spr\u0119\u017cysto\u015bci i j\u0119drno\u015bci.<\/li>\n<li>Z przebarwieniami r\u00f3\u017cnego pochodzenia, nara\u017conej na promieniowanie UV.<\/li>\n<li>Naczynkowej, odwodnionej.<\/li>\n<li>Dotkni\u0119tej tr\u0105dzikiem r\u00f3\u017cowatym, pospolitym oraz \u0142ojotokiem.<\/li>\n<\/ul>\n<p>Nak\u0142ada\u0107 wieczorem na oczyszczon\u0105 sk\u00f3r\u0119 twarzy, szyi i dekoltu. Delikatnie wmasowa\u0107. Do piel\u0119gnacji dziennej rekomendowany jest <a class=\"gold-link\" href=\"https:\/\/hyase.pl\/sklep\/produkt\/vitaclinic-krem-na-dzien-2\/\"><b>KREM NA DZIE\u0143<\/b><\/a> z serii VitaClinic.<\/p>\n<p><em>30 ml<\/em><\/p>\n<h3>Sk\u0142adniki aktywne:<\/h3>\n<ul>\n<li><b>Witamina C<\/b> \u2013 stabilizowana na poziomie cz\u0105steczkowym glukoz\u0105. Kompleks stopniowo uwalnia czyst\u0105 witamin\u0119 C, kt\u00f3ra wnika g\u0142\u0119boko w sk\u00f3r\u0119 i dzia\u0142a na kom\u00f3rki z melanin\u0105 \u2013 hamuj\u0105c wytwarzanie barwnika, redukuje istniej\u0105ce przebarwienia i naprawia uszkodzenia spowodowane s\u0142o\u0144cem. Wykazuje dzia\u0142anie antyoksydacyjne i stymuluje syntez\u0119 kolagenu, dzi\u0119ki czemu redukuje istniej\u0105ce zmarszczki i spowalnia procesy starzenia si\u0119 sk\u00f3ry. Wspomaga regeneracj\u0119 nask\u00f3rka, wzmacnia \u015bciany naczy\u0144 krwiono\u015bnych, \u0142agodzi podra\u017cnienia.<\/li>\n<li><b>Wielofunkcyjny tripeptyd<\/b> \u2013 stymuluje syntez\u0119 kolagenu, w wyniku czego wyra\u017anie redukuje zmarszczki powsta\u0142e na skutek starzenia i fotostarzenia si\u0119 sk\u00f3ry. Zmniejsza widoczno\u015b\u0107 por\u00f3w, rozja\u015bnia przebarwienia i przywraca regularn\u0105 pigmentacj\u0119 sk\u00f3ry poprzez inhibicj\u0119 enzymu odpowiedzialnego za melanogenez\u0119.<\/li>\n<li><b>Kompleks substancji odbudowuj\u0105cych NMF (Natural Moisturizing Factor)<\/b> \u2013 NMF jest naturalnym mechanizmem, chroni\u0105cym sk\u00f3r\u0119 przed utrat\u0105 wody. Jego regeneracja znacz\u0105co poprawia nawil\u017cenie sk\u00f3ry, uelastycznia i \u0142agodzi podra\u017cnienia.<\/li>\n<li><b>Kwas hialuronowy<\/b> \u2013 stymuluje produkcj\u0119 kolagenu i elastyny. Wyg\u0142adza zmarszczki, zapewnia sk\u00f3rze d\u0142ugotrwa\u0142e nawil\u017cenie oraz wyra\u017anie odczuwaln\u0105 g\u0142adko\u015b\u0107, spr\u0119\u017cysto\u015b\u0107 i elastyczno\u015b\u0107.<\/li>\n<li><b>Ekstrakt z lukrecji<\/b> \u2013 wspomaga walk\u0119 z niedoskona\u0142o\u015bciami sk\u00f3ry, takimi jak: tr\u0105dzik, egzema, atopowe zapalenie sk\u00f3ry.<\/li>\n<li><b>Kolagen<\/b> \u2013 biologicznie aktywne bia\u0142ko wyst\u0119puj\u0105ce naturalnie w kom\u00f3rkach sk\u00f3ry, kt\u00f3rego produkcja z wiekiem maleje, co os\u0142abia struktur\u0119 kom\u00f3rek, powoduje pojawienie si\u0119 zmarszczek i utrat\u0119 j\u0119drno\u015bci. Dostarczenie sk\u00f3rze kolagenu hamuje procesy starzenia i przywraca jej m\u0142ody wygl\u0105d.<\/li>\n<\/ul>\n<h3>INCI:<\/h3>\n<p>Aqua, Ascorbyl Glucoside, Glycerin, Triethanolamine, Polysorbate 20, Benzyl Glycol, Glycyrrhiza Glabra Leaf Extract, Soluble Collagen, Sodium Hyaluronate, Sodium PCA, Urea, Allantoin, Glucose, Glutamic Acid, Glycine, Lysine, Lactic Acid, Myristoyl Tripeptide-31, Acacia Senegal Gum, Xanthan Gum, Butylene Glycol, Ascorbic Acid, Parfum, Propylene Glycol, Ethylhexylglycerin, Raspberry Ketone, Palmitoyl Hydroxypropyltrimonium Amylopectin\/Glycerin Crosspolymer, Potassium Sorbate, Sodium Benzoate, Hydrogenated Lecithin, Phenoxyethanol, Methylparaben<\/p>\n","protected":false},"excerpt":{"rendered":"<p>Wielozadaniowe serum z wysok\u0105 koncentracj\u0105 witaminy C (2400 mg) oraz kompleksem starannie wyselekcjonowanych substancji aktywnych gwarantuje skutecznie od\u017cywienie, roz\u015bwietlenie i wyg\u0142adzenie sk\u00f3ry. Ma silne dzia\u0142anie antyoksydacyjne, redukuje przebarwienia i niedoskona\u0142o\u015bci sk\u00f3ry, g\u0142\u0119boko nawil\u017ca.<\/p>\n<p> <a class=\"more-link\" href=\"https:\/\/hyase.pl\/sklep\/produkt\/vitaclinic-serum-z-witamina-c-2\/\">Dowiedz si\u0119 wi\u0119cej<\/a><\/p>","protected":false},"featured_media":11890,"comment_status":"open","ping_status":"closed","template":"","meta":[],"product_brand":[],"product_cat":[55],"product_tag":[91,98,89,90,96],"class_list":{"0":"post-11781","1":"product","2":"type-product","3":"status-publish","4":"has-post-thumbnail","6":"product_cat-serum-do-twarzy","7":"product_tag-anti-aging","8":"product_tag-odzywianie","9":"product_tag-redukcja-niedoskonalosci","10":"product_tag-redukcja-przebarwien","11":"product_tag-vitaclinic","13":"first","14":"instock","15":"taxable","16":"shipping-taxable","17":"purchasable","18":"product-type-simple"},"yoast_head":"<!-- This site is optimized with the Yoast SEO plugin v27.4 - https:\/\/yoast.com\/product\/yoast-seo-wordpress\/ -->\n<title>VitaClinic Serum z witamin\u0105 C - Hyas&eacute;<\/title>\n<meta name=\"description\" content=\"Serum z witamin\u0105 C skutecznie od\u017cywia, roz\u015bwietla i wyg\u0142adza sk\u00f3r\u0119. Dzia\u0142a antyoksydacyjnie, redukuje przebarwienia i niedoskona\u0142o\u015bci , g\u0142\u0119boko nawil\u017ca.\" \/>\n<meta name=\"robots\" content=\"index, follow, max-snippet:-1, max-image-preview:large, max-video-preview:-1\" \/>\n<link rel=\"canonical\" href=\"https:\/\/hyase.pl\/sklep\/produkt\/vitaclinic-serum-z-witamina-c-2\/\" \/>\n<meta property=\"og:locale\" content=\"pl_PL\" \/>\n<meta property=\"og:type\" content=\"article\" \/>\n<meta property=\"og:title\" content=\"VitaClinic Serum z witamin\u0105 C - Hyas&eacute;\" \/>\n<meta property=\"og:description\" content=\"Serum z witamin\u0105 C skutecznie od\u017cywia, roz\u015bwietla i wyg\u0142adza sk\u00f3r\u0119. Dzia\u0142a antyoksydacyjnie, redukuje przebarwienia i niedoskona\u0142o\u015bci , g\u0142\u0119boko nawil\u017ca.\" \/>\n<meta property=\"og:url\" content=\"https:\/\/hyase.pl\/sklep\/produkt\/vitaclinic-serum-z-witamina-c-2\/\" \/>\n<meta property=\"og:site_name\" content=\"Hyas&eacute;\" \/>\n<meta property=\"article:publisher\" content=\"https:\/\/www.facebook.com\/hyasepl\/\" \/>\n<meta property=\"article:modified_time\" content=\"2025-08-11T21:33:38+00:00\" \/>\n<meta property=\"og:image\" content=\"https:\/\/hyase.pl\/sklep\/wp-content\/uploads\/2021\/08\/C-2.jpg\" \/>\n\t<meta property=\"og:image:width\" content=\"2000\" \/>\n\t<meta property=\"og:image:height\" content=\"2000\" \/>\n\t<meta property=\"og:image:type\" content=\"image\/jpeg\" \/>\n<meta name=\"twitter:card\" content=\"summary_large_image\" \/>\n<meta name=\"twitter:label1\" content=\"Szacowany czas czytania\" \/>\n\t<meta name=\"twitter:data1\" content=\"3 minuty\" \/>\n<script type=\"application\/ld+json\" class=\"yoast-schema-graph\">{\"@context\":\"https:\\\/\\\/schema.org\",\"@graph\":[{\"@type\":\"WebPage\",\"@id\":\"https:\\\/\\\/hyase.pl\\\/sklep\\\/produkt\\\/vitaclinic-serum-z-witamina-c-2\\\/\",\"url\":\"https:\\\/\\\/hyase.pl\\\/sklep\\\/produkt\\\/vitaclinic-serum-z-witamina-c-2\\\/\",\"name\":\"VitaClinic Serum z witamin\u0105 C - Hyas&eacute;\",\"isPartOf\":{\"@id\":\"https:\\\/\\\/hyase.pl\\\/sklep\\\/#website\"},\"primaryImageOfPage\":{\"@id\":\"https:\\\/\\\/hyase.pl\\\/sklep\\\/produkt\\\/vitaclinic-serum-z-witamina-c-2\\\/#primaryimage\"},\"image\":{\"@id\":\"https:\\\/\\\/hyase.pl\\\/sklep\\\/produkt\\\/vitaclinic-serum-z-witamina-c-2\\\/#primaryimage\"},\"thumbnailUrl\":\"https:\\\/\\\/hyase.pl\\\/sklep\\\/wp-content\\\/uploads\\\/2021\\\/08\\\/C-2.jpg\",\"datePublished\":\"2021-08-25T22:59:02+00:00\",\"dateModified\":\"2025-08-11T21:33:38+00:00\",\"description\":\"Serum z witamin\u0105 C skutecznie od\u017cywia, roz\u015bwietla i wyg\u0142adza sk\u00f3r\u0119. Dzia\u0142a antyoksydacyjnie, redukuje przebarwienia i niedoskona\u0142o\u015bci , g\u0142\u0119boko nawil\u017ca.\",\"breadcrumb\":{\"@id\":\"https:\\\/\\\/hyase.pl\\\/sklep\\\/produkt\\\/vitaclinic-serum-z-witamina-c-2\\\/#breadcrumb\"},\"inLanguage\":\"pl-PL\",\"potentialAction\":[{\"@type\":\"ReadAction\",\"target\":[\"https:\\\/\\\/hyase.pl\\\/sklep\\\/produkt\\\/vitaclinic-serum-z-witamina-c-2\\\/\"]}]},{\"@type\":\"ImageObject\",\"inLanguage\":\"pl-PL\",\"@id\":\"https:\\\/\\\/hyase.pl\\\/sklep\\\/produkt\\\/vitaclinic-serum-z-witamina-c-2\\\/#primaryimage\",\"url\":\"https:\\\/\\\/hyase.pl\\\/sklep\\\/wp-content\\\/uploads\\\/2021\\\/08\\\/C-2.jpg\",\"contentUrl\":\"https:\\\/\\\/hyase.pl\\\/sklep\\\/wp-content\\\/uploads\\\/2021\\\/08\\\/C-2.jpg\",\"width\":2000,\"height\":2000,\"caption\":\"Hyas\u00e9 Serum z witamin\u0105 C\"},{\"@type\":\"BreadcrumbList\",\"@id\":\"https:\\\/\\\/hyase.pl\\\/sklep\\\/produkt\\\/vitaclinic-serum-z-witamina-c-2\\\/#breadcrumb\",\"itemListElement\":[{\"@type\":\"ListItem\",\"position\":1,\"name\":\"Strona g\u0142\u00f3wna\",\"item\":\"https:\\\/\\\/hyase.pl\\\/sklep\\\/\"},{\"@type\":\"ListItem\",\"position\":2,\"name\":\"Zakupy\",\"item\":\"https:\\\/\\\/hyase.pl\\\/sklep\\\/zakupy\\\/\"},{\"@type\":\"ListItem\",\"position\":3,\"name\":\"VitaClinic Serum z witamin\u0105 C\"}]},{\"@type\":\"WebSite\",\"@id\":\"https:\\\/\\\/hyase.pl\\\/sklep\\\/#website\",\"url\":\"https:\\\/\\\/hyase.pl\\\/sklep\\\/\",\"name\":\"Hyas&eacute;\",\"description\":\"Odkryj naturalne pi\u0119kno swojej sk&oacute;ry\",\"publisher\":{\"@id\":\"https:\\\/\\\/hyase.pl\\\/sklep\\\/#organization\"},\"potentialAction\":[{\"@type\":\"SearchAction\",\"target\":{\"@type\":\"EntryPoint\",\"urlTemplate\":\"https:\\\/\\\/hyase.pl\\\/sklep\\\/?s={search_term_string}\"},\"query-input\":{\"@type\":\"PropertyValueSpecification\",\"valueRequired\":true,\"valueName\":\"search_term_string\"}}],\"inLanguage\":\"pl-PL\"},{\"@type\":\"Organization\",\"@id\":\"https:\\\/\\\/hyase.pl\\\/sklep\\\/#organization\",\"name\":\"Hyas\u00e9\",\"url\":\"https:\\\/\\\/hyase.pl\\\/sklep\\\/\",\"logo\":{\"@type\":\"ImageObject\",\"inLanguage\":\"pl-PL\",\"@id\":\"https:\\\/\\\/hyase.pl\\\/sklep\\\/#\\\/schema\\\/logo\\\/image\\\/\",\"url\":\"https:\\\/\\\/hyase.pl\\\/sklep\\\/wp-content\\\/uploads\\\/2021\\\/11\\\/cropped-hyase_shop.png\",\"contentUrl\":\"https:\\\/\\\/hyase.pl\\\/sklep\\\/wp-content\\\/uploads\\\/2021\\\/11\\\/cropped-hyase_shop.png\",\"width\":400,\"height\":208,\"caption\":\"Hyas\u00e9\"},\"image\":{\"@id\":\"https:\\\/\\\/hyase.pl\\\/sklep\\\/#\\\/schema\\\/logo\\\/image\\\/\"},\"sameAs\":[\"https:\\\/\\\/www.facebook.com\\\/hyasepl\\\/\",\"https:\\\/\\\/www.instagram.com\\\/kosmetykihyase\\\/\"]}]}<\/script>\n<!-- \/ Yoast SEO plugin. -->","yoast_head_json":{"title":"VitaClinic Serum z witamin\u0105 C - Hyas&eacute;","description":"Serum z witamin\u0105 C skutecznie od\u017cywia, roz\u015bwietla i wyg\u0142adza sk\u00f3r\u0119. Dzia\u0142a antyoksydacyjnie, redukuje przebarwienia i niedoskona\u0142o\u015bci , g\u0142\u0119boko nawil\u017ca.","robots":{"index":"index","follow":"follow","max-snippet":"max-snippet:-1","max-image-preview":"max-image-preview:large","max-video-preview":"max-video-preview:-1"},"canonical":"https:\/\/hyase.pl\/sklep\/produkt\/vitaclinic-serum-z-witamina-c-2\/","og_locale":"pl_PL","og_type":"article","og_title":"VitaClinic Serum z witamin\u0105 C - Hyas&eacute;","og_description":"Serum z witamin\u0105 C skutecznie od\u017cywia, roz\u015bwietla i wyg\u0142adza sk\u00f3r\u0119. Dzia\u0142a antyoksydacyjnie, redukuje przebarwienia i niedoskona\u0142o\u015bci , g\u0142\u0119boko nawil\u017ca.","og_url":"https:\/\/hyase.pl\/sklep\/produkt\/vitaclinic-serum-z-witamina-c-2\/","og_site_name":"Hyas&eacute;","article_publisher":"https:\/\/www.facebook.com\/hyasepl\/","article_modified_time":"2025-08-11T21:33:38+00:00","og_image":[{"width":2000,"height":2000,"url":"https:\/\/hyase.pl\/sklep\/wp-content\/uploads\/2021\/08\/C-2.jpg","type":"image\/jpeg"}],"twitter_card":"summary_large_image","twitter_misc":{"Szacowany czas czytania":"3 minuty"},"schema":{"@context":"https:\/\/schema.org","@graph":[{"@type":"WebPage","@id":"https:\/\/hyase.pl\/sklep\/produkt\/vitaclinic-serum-z-witamina-c-2\/","url":"https:\/\/hyase.pl\/sklep\/produkt\/vitaclinic-serum-z-witamina-c-2\/","name":"VitaClinic Serum z witamin\u0105 C - Hyas&eacute;","isPartOf":{"@id":"https:\/\/hyase.pl\/sklep\/#website"},"primaryImageOfPage":{"@id":"https:\/\/hyase.pl\/sklep\/produkt\/vitaclinic-serum-z-witamina-c-2\/#primaryimage"},"image":{"@id":"https:\/\/hyase.pl\/sklep\/produkt\/vitaclinic-serum-z-witamina-c-2\/#primaryimage"},"thumbnailUrl":"https:\/\/hyase.pl\/sklep\/wp-content\/uploads\/2021\/08\/C-2.jpg","datePublished":"2021-08-25T22:59:02+00:00","dateModified":"2025-08-11T21:33:38+00:00","description":"Serum z witamin\u0105 C skutecznie od\u017cywia, roz\u015bwietla i wyg\u0142adza sk\u00f3r\u0119. Dzia\u0142a antyoksydacyjnie, redukuje przebarwienia i niedoskona\u0142o\u015bci , g\u0142\u0119boko nawil\u017ca.","breadcrumb":{"@id":"https:\/\/hyase.pl\/sklep\/produkt\/vitaclinic-serum-z-witamina-c-2\/#breadcrumb"},"inLanguage":"pl-PL","potentialAction":[{"@type":"ReadAction","target":["https:\/\/hyase.pl\/sklep\/produkt\/vitaclinic-serum-z-witamina-c-2\/"]}]},{"@type":"ImageObject","inLanguage":"pl-PL","@id":"https:\/\/hyase.pl\/sklep\/produkt\/vitaclinic-serum-z-witamina-c-2\/#primaryimage","url":"https:\/\/hyase.pl\/sklep\/wp-content\/uploads\/2021\/08\/C-2.jpg","contentUrl":"https:\/\/hyase.pl\/sklep\/wp-content\/uploads\/2021\/08\/C-2.jpg","width":2000,"height":2000,"caption":"Hyas\u00e9 Serum z witamin\u0105 C"},{"@type":"BreadcrumbList","@id":"https:\/\/hyase.pl\/sklep\/produkt\/vitaclinic-serum-z-witamina-c-2\/#breadcrumb","itemListElement":[{"@type":"ListItem","position":1,"name":"Strona g\u0142\u00f3wna","item":"https:\/\/hyase.pl\/sklep\/"},{"@type":"ListItem","position":2,"name":"Zakupy","item":"https:\/\/hyase.pl\/sklep\/zakupy\/"},{"@type":"ListItem","position":3,"name":"VitaClinic Serum z witamin\u0105 C"}]},{"@type":"WebSite","@id":"https:\/\/hyase.pl\/sklep\/#website","url":"https:\/\/hyase.pl\/sklep\/","name":"Hyas&eacute;","description":"Odkryj naturalne pi\u0119kno swojej sk&oacute;ry","publisher":{"@id":"https:\/\/hyase.pl\/sklep\/#organization"},"potentialAction":[{"@type":"SearchAction","target":{"@type":"EntryPoint","urlTemplate":"https:\/\/hyase.pl\/sklep\/?s={search_term_string}"},"query-input":{"@type":"PropertyValueSpecification","valueRequired":true,"valueName":"search_term_string"}}],"inLanguage":"pl-PL"},{"@type":"Organization","@id":"https:\/\/hyase.pl\/sklep\/#organization","name":"Hyas\u00e9","url":"https:\/\/hyase.pl\/sklep\/","logo":{"@type":"ImageObject","inLanguage":"pl-PL","@id":"https:\/\/hyase.pl\/sklep\/#\/schema\/logo\/image\/","url":"https:\/\/hyase.pl\/sklep\/wp-content\/uploads\/2021\/11\/cropped-hyase_shop.png","contentUrl":"https:\/\/hyase.pl\/sklep\/wp-content\/uploads\/2021\/11\/cropped-hyase_shop.png","width":400,"height":208,"caption":"Hyas\u00e9"},"image":{"@id":"https:\/\/hyase.pl\/sklep\/#\/schema\/logo\/image\/"},"sameAs":["https:\/\/www.facebook.com\/hyasepl\/","https:\/\/www.instagram.com\/kosmetykihyase\/"]}]}},"_links":{"self":[{"href":"https:\/\/hyase.pl\/sklep\/wp-json\/wp\/v2\/product\/11781","targetHints":{"allow":["GET"]}}],"collection":[{"href":"https:\/\/hyase.pl\/sklep\/wp-json\/wp\/v2\/product"}],"about":[{"href":"https:\/\/hyase.pl\/sklep\/wp-json\/wp\/v2\/types\/product"}],"replies":[{"embeddable":true,"href":"https:\/\/hyase.pl\/sklep\/wp-json\/wp\/v2\/comments?post=11781"}],"wp:featuredmedia":[{"embeddable":true,"href":"https:\/\/hyase.pl\/sklep\/wp-json\/wp\/v2\/media\/11890"}],"wp:attachment":[{"href":"https:\/\/hyase.pl\/sklep\/wp-json\/wp\/v2\/media?parent=11781"}],"wp:term":[{"taxonomy":"product_brand","embeddable":true,"href":"https:\/\/hyase.pl\/sklep\/wp-json\/wp\/v2\/product_brand?post=11781"},{"taxonomy":"product_cat","embeddable":true,"href":"https:\/\/hyase.pl\/sklep\/wp-json\/wp\/v2\/product_cat?post=11781"},{"taxonomy":"product_tag","embeddable":true,"href":"https:\/\/hyase.pl\/sklep\/wp-json\/wp\/v2\/product_tag?post=11781"}],"curies":[{"name":"wp","href":"https:\/\/api.w.org\/{rel}","templated":true}]}}